f a?
0
Let w = 68 - 8. Suppose 3*r = r - w. Let s = -9 - r. What is the units digit of s?
1
Suppose 3*k = -i + 59, 21 + 77 = 2*i - 4*k. Let o(c) = c + 8. Let m be o(-6). Let w = m + i. What is the units digit of w?
5
Let r be (-3*1)/(36/312). Let a be 1*1*r/2. Let h = 17 + a. What is the units digit of h?
4
Suppose -66*z = -65*z - 20. What is the units digit of (3 - 325/z)*-16?
2
Let r = 3 - 1. Suppose r*j - 8 - 6 = 0. What is the units digit of j?
7
Let v(p) = p**3 + 53*p**2 + 225*p - 156. What is the units digit of v(-48)?
4
Let t(o) = -10*o + 46. Suppose 28 = -2*k + v, 2 + 3 = -k - 4*v. What is the tens digit of t(k)?
7
Let n(a) = -2*a - 18. Let t be n(-12). Let k(w) = -w. Let b(f) = 2*f. Let j(g) = 3*b(g) + 5*k(g). What is the units digit of j(t)?
6
Let v be 0 - (4 + -7 + 0). Suppose -h - 4 = -v*h. What is the units digit of h?
2
Let o(u) be the third derivative of -5*u**4/4 - 4*u**3/3 - 9*u**2. What is the hundreds digit of o(-4)?
1
Let c = -1884 - -5091. What is the hundreds digit of c?
2
Let k be (-2)/(-11) + 24306/22 + -1. Suppose -k = -7*y - y. What is the tens digit of y?
3
Let g(a) = -a**2 + 7*a + 2. Let i = 20 + -13. Let x be g(i). Suppose 3*l - 5*d + 0 = 3, -4*l = x*d - 4. What is the units digit of l?
1
Let k be (0 + 81/18)*(-2 + 0). Let t(c) be the second derivative of c**5/20 + 5*c**4/6 + 4*c**3/3 - 3*c**2 - c. What is the units digit of t(k)?
3
Let w be (-29)/(-3)*(-30)/(-5). Suppose -5*o - w + 21 = -2*f, -4*f = -2*o - 34. Suppose f = -2*c + 5*c. What is the units digit of c?
2
Let w be 3/2*(-10)/15. Let u = w - -7. Let d(g) = -g**2 + 7*g + 7. What is the tens digit of d(u)?
1
Let z(n) = 6*n**2 - 2*n - 25. Let i = -25 - -30. What is the tens digit of z(i)?
1
Let n = -21 - -26. Suppose 5*t = p + 2*t, -56 = -3*p - n*t. Suppose r + 0 = p. What is the tens digit of r?
1
Let l = -655 - -2085. What is the hundreds digit of l?
4
Suppose -3*p - 706 = -4*p. What is the hundreds digit of p?
7
Let m(u) = 5*u**3 - 2*u**2 - 4*u - 5. Let z(j) = -9*j**3 + 3*j**2 + 8*j + 10. Let p(x) = 11*m(x) + 6*z(x). What is the tens digit of p(4)?
2
Let n be (2/(-6))/(5/(-30)). Let s be (n + 1 + -3)/2. What is the units digit of -10*(3/(-6) - s)?
5
Suppose 0 = -t - 9 - 6. Let s be (-9)/t - (-844)/10. Suppose 5*m = -0*m + s. What is the tens digit of m?
1
Let g(u) = 31*u + 181. What is the hundreds digit of g(9)?
4
What is the hundreds digit of ((-4)/(-3) + -1)*(5395 + -367)?
6
Let x be (-1)/(4/126) + (-4)/8. What is the tens digit of (-4236)/(-32) - (-12)/x?
3
Let s(i) = 3*i**3 + 2*i - 1. Let d be ((-2)/(-6))/(4/12). Let p be s(d). Suppose p*a - 50 + 6 = 0. What is the units digit of a?
1
Let l be (78/(-91))/(62/(-28) - -2). Suppose l*a = -i + 65, 5*a - 3*a = -i + 57. What is the units digit of i?
9
Let g = 3557 + -2425. What is the tens digit of g?
3
Let p(o) = -o**2 + 30*o - 9. What is the hundreds digit of p(20)?
1
Suppose -77 = -5*y + 73. Suppose 5*w - 10 = -y. Let t = 8 - w. What is the units digit of t?
2
Let o be (22/6 + -4)*-3. Let c(p) = 18*p**3 - p**2 + p. What is the tens digit of c(o)?
1
Let w be (8/3)/(2/3). Let m(g) = -g**2 + 8*g - 7. Let k be m(7). Suppose 5*o - 5*s - 95 = 0, -w*s = 2*o - 50 - k. What is the units digit of o?
1
Let z(s) = 206*s + 29. What is the tens digit of z(5)?
5
Suppose 14 = 3*f - 4*n, -2*f + 5*f = n + 26. Let s be (-4)/6 - f/(-6). Suppose w - 4 = -s, 2*c - 3*w = 45. What is the tens digit of c?
2
What is the hundreds digit of (-21 + 29)/((-4)/14)*-41?
1
Let u(p) = -14*p + 12. Suppose -n + 9 = 2*n. Let b be u(n). What is the tens digit of 2/10 - 1734/b?
5
Suppose f - 10 = 2*r + 1, -2*r - 6 = 0. Suppose 9*t - f*t = 100. What is the tens digit of t?
2
Suppose 0 = -5*a - 5*d - 5, 2*a = -4*d + 2 - 12. Suppose 68*k - 35 = 63*k. Suppose -k = -3*n - n + 5*q, -a*n + 8 = -q. What is the units digit of n?
3
Let k = -23 - -23. Suppose 5*b - 142 - 38 = k. What is the tens digit of b?
3
Let c(z) = -z**3 - 7*z**2 + 2*z + 1. Let m be c(-7). Let j = m - -17. Suppose 0 = -4*s - 0*s + 2*q + 116, 2*q = -j*s + 100. What is the units digit of s?
7
Suppose -4*w - 72 - 28 = 0. Let b = 0 - 18. Let p = b - w. What is the units digit of p?
7
Let k = 5 + 10. Let m = -34 + k. Let d = m - -43. What is the tens digit of d?
2
Suppose 0*d = 4*d - 12. Let l = 37 + d. Suppose 2*y = l - 4. What is the units digit of y?
8
Suppose 7*j + b = 3*j + 2733, j + b - 681 = 0. What is the units digit of j?
4
Suppose 6*i = 3*i + 87. Suppose -2*u + 3*k + 39 = u, 2*u - 3*k - i = 0. What is the units digit of u?
0
Let v(z) = z - 16. Let r be v(-10). Let q = 57 + r. What is the tens digit of q?
3
Let k be 5/(-2)*440/(-50). Suppose z - k = -d, -2*z = z - 3*d - 48. What is the units digit of z?
9
Let c = -412 - -828. What is the hundreds digit of c?
4
Let p = -363 + 829. What is the units digit of p?
6
What is the units digit of 2 - 538/(-8) - 14/56?
9
Let q = 982 + -593. What is the units digit of q?
9
Let u(j) = -2*j**3 - 43*j**2 - 28*j + 78. Let f(m) = m**3 + 22*m**2 + 14*m - 39. Let l(a) = 5*f(a) + 2*u(a). What is the tens digit of l(-23)?
6
Let r be 0 + 4 + 9 + -1 + 1. Suppose 240 = -r*b + 17*b. What is the units digit of b?
0
Suppose -n - a = -0*a + 2, -5*n + 2*a - 24 = 0. Let s be 12/8*n*-3. Let k = 5 + s. What is the tens digit of k?
2
Let o(a) = -a**3 - 10*a**2 - 9*a + 9. Let z(c) = c**3 + 9*c**2 - 11*c - 8. Let x be z(-10). Let n be 2 + -1 + (-8 - x). What is the units digit of o(n)?
9
Let r be 1/((-2928)/586 + 5). Let y = r - 133. What is the tens digit of y?
6
Let i(f) = -22 - 7*f**3 - 245*f**3 + 21 - f. What is the hundreds digit of i(-1)?
2
Let i = -32 - -32. Suppose 0 = -5*f - x - i*x + 248, 4*f + 4*x = 208. What is the units digit of f?
9
Suppose -21*q = 4*q - 64650. What is the tens digit of q?
8
What is the tens digit of (9 + -8)*-11 + 3005?
9
Let w = -2 - -1. Let j be 4 + (-22 - 12/(-3)). What is the units digit of j/(0 - 3 - w)?
7
Let r = 341 - 214. What is the tens digit of r?
2
What is the tens digit of (25 + -4)*572/11?
9
Suppose -3*g - 3*i - 770 = -8*g, i = -5. What is the hundreds digit of g?
1
Suppose j - 5 = 0, 0 = -0*a + 3*a + 5*j - 31. Suppose -3 = -5*i - 4*u, -2 = -2*i + a*u + 10. What is the units digit of i/9 + (-112)/(-6)?
9
What is the units digit of (9 - 44/6) + (-7495)/(-3)?
0
Suppose -c = 5*y + 4*c + 4055, 4*y - c + 3269 = 0. What is the tens digit of (-12)/42 - y/14?
5
Let v(r) = r + 22. Suppose 0 = -3*t - 6 - 12. What is the units digit of v(t)?
6
Suppose 5 = 5*k, 4*k + 6 = -4*r - 38. Let t = -44 - -28. What is the tens digit of (-339)/r + 4/t?
2
Let t(x) = -1826*x**3 + 3*x + 3. What is the units digit of t(-1)?
6
Suppose 3*g + 3*v - 6502 = 5*v, -8651 = -4*g - v. What is the tens digit of g?
6
What is the tens digit of -261*(-80)/(-6)*(-50)/125?
9
Let a(w) = -11*w**3 + 16*w + 3*w**2 + 9*w**3 + 8 - 2*w. What is the units digit of a(-5)?
3
Let k = 1795 + -1003. What is the tens digit of k?
9
Let s(x) = 4*x. Let q be s(1). Suppose 4*z - 39 = 5*l, q*l + 36 = 3*z + z. Let k = z + 28. What is the units digit of k?
4
Let l = 1568 - -406. What is the hundreds digit of l?
9
Let t be 1/((-12)/(-20) - 6/15). Suppose -t*w + 177 + 8 = 5*h, 0 = -3*h + 5*w + 95. What is the units digit of h?
5
Let x(r) = -r**2 + 7*r. Let g be x(6). Suppose 0 = g*f - 0*f - 12. Suppose -f*w + 25 + 77 = 4*j, 4*w - j = 231. What is the tens digit of w?
5
Suppose -31 = -3*a + 71. Suppose -l + 5 = -6*l. Let v = l + a. What is the units digit of v?
3
What is the tens digit of (-3485)/(-20) + 8/(-32)?
7
Let y(v) = v**3 - 8*v**2 + 12*v + 2. Let w be y(6). Suppose w*p - 3 = -a - 0*p, -3*a = -2*p + 15. Let d = 33 + a. What is the units digit of d?
0
Suppose 5*o + 2*w + 11 = 313, 4*w - 170 = -3*o. Suppose 0 = -y + 3*y - o. What is the units digit of y?
1
Suppose 6*l = -0*l + 6846. What is the tens digit of l?
4
Let k = -15 - -20. Suppose 0 = -3*x - 2*g - 132, k*x + 269 - 47 = -4*g. What is the units digit of (-14)/4*24/x?
2
Let z(y) = 280*y + 18. What is the units digit of z(7)?
8
What is the tens digit of ((-65112)/(84/7))/(-1)?
2
Let j(o) = 2*o - 4. Let r be j(-11). Let v = r - -32. Suppose -84 = -4*z + 2*s, -4*s - v + 48 = 2*z. What is the tens digit of z?
2
Let h = 583 + -377. What is the units digit of h?
6
Suppose 2*m - 12 = -0*m. Suppose 0 = -c - 2*c + m. Suppose